{"id":25,"date":"2025-07-16T09:54:58","date_gmt":"2025-07-16T07:54:58","guid":{"rendered":"http:\/\/test.kvant.sk\/ditax\/?page_id=25"},"modified":"2025-07-17T16:12:35","modified_gmt":"2025-07-17T14:12:35","slug":"simulacie","status":"publish","type":"page","link":"https:\/\/test.kvant.sk\/ditax\/simulacie\/","title":{"rendered":"Simul\u00e1cie"},"content":{"rendered":"\n<h2 class=\"wp-block-heading\">Pevnostn\u00e9 anal\u00fdzy kon\u0161truk\u010dn\u00fdch prvkov a simul\u00e1cia mechaniky strojov a zariaden\u00ed<\/h2>\n\n\n\n<p>\n<img src='https:\/\/test.kvant.sk\/ditax\/wp-content\/uploads\/2025\/07\/fem.png' alt='example' class='image-right'>\n<p>Pri kon\u0161trukcii s\u00fa\u010diastok, ktor\u00e9 zo svojej podstaty plnia \u00falohu kon\u0161truk\u010dn\u00fdch prvkov pren\u00e1\u0161aj\u00facich prev\u00e1dzkov\u00e9 za\u0165a\u017eenia, a teda musia by\u0165 navrhovan\u00e9 aj so zrete\u013eom na ich \u00fanosnos\u0165, preverujeme n\u00e1vrh pomocou numerickej simul\u00e1cie. T\u00e1to zabezpe\u010d\u00ed nielen samotn\u00e9 potvrdenie spr\u00e1vnosti kon\u0161trukcie z aspektu jej dovolen\u00fdch nam\u00e1han\u00ed ale z\u00e1rove\u0148 aj optimaliz\u00e1ciu hmotnosti, \u010do prispieva k hospod\u00e1rnemu n\u00e1vrhu dan\u00e9ho rie\u0161enia.\n<\/p>\n<p>Popri line\u00e1rnej statickej nap\u00e4\u0165ovej anal\u00fdze, ktorej v\u00fdsledkom s\u00fa posunutia a pomern\u00e9 deform\u00e1cie ako aj rozlo\u017eenie redukovan\u00e9ho nap\u00e4tia na geometrii s\u00fa\u010diastky a lokaliz\u00e1cia kritick\u00fdch \u010dast\u00ed, je mo\u017en\u00e9 vykona\u0165 aj frekven\u010dn\u00fa anal\u00fdzu na ur\u010denie vlastn\u00fdch frekvenci\u00ed.<\/p>\n<p>Pri komplexnej\u0161\u00edch n\u00e1rokoch na pou\u017eit\u00fd v\u00fdpo\u010dtov\u00fd model vieme zabezpe\u010di\u0165 aj neline\u00e1rne anal\u00fdzy r\u00f4zneho druhu.<\/p>\n<\/p>\n<div style='clear:both'><\/div>\n\n\n\n<p><\/p>\n","protected":false},"excerpt":{"rendered":"<p>Pevnostn\u00e9 anal\u00fdzy kon\u0161truk\u010dn\u00fdch prvkov a simul\u00e1cia mechaniky strojov a zariaden\u00ed Pri kon\u0161trukcii s\u00fa\u010diastok, ktor\u00e9 zo svojej podstaty plnia \u00falohu kon\u0161truk\u010dn\u00fdch prvkov pren\u00e1\u0161aj\u00facich prev\u00e1dzkov\u00e9 za\u0165a\u017eenia, a teda musia by\u0165 navrhovan\u00e9 aj so zrete\u013eom na ich \u00fanosnos\u0165, preverujeme n\u00e1vrh pomocou numerickej simul\u00e1cie. T\u00e1to zabezpe\u010d\u00ed nielen samotn\u00e9 potvrdenie spr\u00e1vnosti kon\u0161trukcie z aspektu jej dovolen\u00fdch nam\u00e1han\u00ed ale z\u00e1rove\u0148 aj &#8230; <a title=\"Simul\u00e1cie\" class=\"read-more\" href=\"https:\/\/test.kvant.sk\/ditax\/simulacie\/\" aria-label=\"Pre\u010d\u00edtajte si viac o Simul\u00e1cie\">\u010c\u00edta\u0165 viac<\/a><\/p>\n","protected":false},"author":1,"featured_media":0,"parent":0,"menu_order":0,"comment_status":"closed","ping_status":"closed","template":"","meta":{"footnotes":""},"class_list":["post-25","page","type-page","status-publish"],"_links":{"self":[{"href":"https:\/\/test.kvant.sk\/ditax\/wp-json\/wp\/v2\/pages\/25","targetHints":{"allow":["GET"]}}],"collection":[{"href":"https:\/\/test.kvant.sk\/ditax\/wp-json\/wp\/v2\/pages"}],"about":[{"href":"https:\/\/test.kvant.sk\/ditax\/wp-json\/wp\/v2\/types\/page"}],"author":[{"embeddable":true,"href":"https:\/\/test.kvant.sk\/ditax\/wp-json\/wp\/v2\/users\/1"}],"replies":[{"embeddable":true,"href":"https:\/\/test.kvant.sk\/ditax\/wp-json\/wp\/v2\/comments?post=25"}],"version-history":[{"count":4,"href":"https:\/\/test.kvant.sk\/ditax\/wp-json\/wp\/v2\/pages\/25\/revisions"}],"predecessor-version":[{"id":266,"href":"https:\/\/test.kvant.sk\/ditax\/wp-json\/wp\/v2\/pages\/25\/revisions\/266"}],"wp:attachment":[{"href":"https:\/\/test.kvant.sk\/ditax\/wp-json\/wp\/v2\/media?parent=25"}],"curies":[{"name":"wp","href":"https:\/\/api.w.org\/{rel}","templated":true}]}}