{"id":133,"date":"2025-07-16T12:40:54","date_gmt":"2025-07-16T10:40:54","guid":{"rendered":"http:\/\/test.kvant.sk\/ditax\/?page_id=133"},"modified":"2025-07-22T11:02:24","modified_gmt":"2025-07-22T09:02:24","slug":"vseobecne-strojarstvo-2","status":"publish","type":"page","link":"https:\/\/test.kvant.sk\/ditax\/vseobecne-strojarstvo-2\/","title":{"rendered":"V\u0161eobecn\u00e9 stroj\u00e1rstvo"},"content":{"rendered":"\r\n<h2 class=\"wp-block-heading\">Kon\u0161truk\u010dn\u00fd n\u00e1vrh a v\u00fdroba \u0161peci\u00e1lnych zariaden\u00ed ur\u010den\u00fdch pre automatiz\u00e1ciu v\u00fdrobn\u00e9ho procesu<\/h2>\r\n\r\n\r\n\r\n<p>\r\n<img src='https:\/\/test.kvant.sk\/ditax\/wp-content\/uploads\/2025\/07\/stroje.png' class='image-right'>\r\n<p>N\u00e1vrh \u0161pecializovan\u00e9ho pr\u00edpravku alebo zariadenia pre potreby automatiz\u00e1cie konkr\u00e9tneho v\u00fdrobn\u00e9ho procesu.<\/p>\r\n<p>Optimaliz\u00e1cia n\u00e1vrhu pomocou numerickej simul\u00e1cie kinematick\u00fdch a dynamick\u00fdch pomerov a pevnostn\u00fdch charakterist\u00edk jednotliv\u00fdch komponentov kon\u0161truk\u010dn\u00e9ho n\u00e1vrhu.<\/p>\r\n<p>Prisp\u00f4sobenie navrhovan\u00e9ho \u0161pecializovan\u00e9ho zariadenia dan\u00fdm technick\u00fdm podmienkam vo v\u00fdrobe.<\/p>\r\n<\/p>\r\n<div style='clear:both'><\/div>\r\n\r\n\r\n\r\n<h2 class=\"wp-block-heading has-text-align-left\">Kon\u0161truk\u010dn\u00fd n\u00e1vrh a v\u00fdroba uzavret\u00fdch r\u00e1mov\u00fdch a nosn\u00fdch podpern\u00fdch oce\u013eov\u00fdch kon\u0161trukci\u00ed<\/h2>\r\n\r\n\r\n\r\n<p>\r\n<img src='https:\/\/test.kvant.sk\/ditax\/wp-content\/uploads\/2025\/07\/konstrukcie.png' class='image-left'>\r\n<p>Anal\u00fdza navrhovanej kon\u0161trukcie zo statick\u00e9ho h\u013eadiska, jej pevnostn\u00e1 anal\u00fdza na dan\u00e9 statick\u00e9 za\u0165a\u017eenie ako aj mod\u00e1lna anal\u00fdza pri dynamicky za\u0165a\u017eovanej kon\u0161trukcii.<\/p>\r\n<p>N\u00e1vrh podpern\u00fdch oce\u013eov\u00fdch kon\u0161trukci\u00ed pre r\u00f4zne pou\u017eitia z v\u00e1lcovan\u00fdch polotovarov normalizovan\u00fdch profilov ako aj z tvarovo optimalizovan\u00fdch plechov\u00fdch nosn\u00fdch komponentov a pevnostn\u00fd v\u00fdpo\u010det r\u00e1movej kon\u0161trukcie pod\u013ea zadan\u00fdch za\u0165a\u017een\u00ed.<\/p>\r\n<p>Optimaliz\u00e1cia r\u00e1mov\u00fdch a nosn\u00fdch oce\u013eov\u00fdch kon\u0161trukci\u00ed z h\u013eadiska hospod\u00e1rneho kon\u0161truk\u010dn\u00e9ho n\u00e1vrhu pre zadan\u00e9 maxim\u00e1lne za\u0165a\u017eenia.<\/p>\r\n<\/p>\r\n<div style='clear:both'><\/div>\r\n\r\n\r\n\r\n\r\n<h2 class=\"wp-block-heading has-text-align-left\">Detailn\u00e1 v\u00fdpo\u010dtov\u00e1 anal\u00fdza prenosu tepla, komplexn\u00fd kon\u0161truk\u010dn\u00fd n\u00e1vrh a v\u00fdroba tepeln\u00fdch v\u00fdmenn\u00edkov<\/h2>\r\n\r\n\r\n\r\n<p>\r\n<img src='https:\/\/test.kvant.sk\/ditax\/wp-content\/uploads\/2025\/07\/vymennik.png' class='image-right'>\r\n<p>Prvotn\u00e1 v\u00fdpo\u010dtov\u00e1 anal\u00fdza potrebn\u00fdch energetick\u00fdch tepeln\u00fdch tokov pre zabezpe\u010denie zadan\u00fdch prev\u00e1dzkov\u00fdch teplotn\u00fdch podmienok.<\/p>\r\n<p>N\u00e1vrh koncepcie rie\u0161enia a kon\u0161truk\u010dn\u00fdch variantov sp\u013a\u0148aj\u00facich po\u017eadovan\u00e9 podmienky pre prvotn\u00e9 vypo\u010d\u00edtan\u00e9 energetick\u00e9 pomery.<\/p>\r\n<p>Numerick\u00e1 stacion\u00e1rna a prechodov\u00e1 anal\u00fdza tepeln\u00fdch tokov a teplotov\u00e9ho po\u013ea detailn\u00e9ho kon\u0161truk\u010dn\u00e9ho n\u00e1vrhu tepeln\u00e9ho v\u00fdmenn\u00edka a n\u00e1sledn\u00e1 optimaliz\u00e1cia dan\u00e9ho rie\u0161enia.<\/p>\r\n<div style='clear:both'><\/div>\r\n","protected":false},"excerpt":{"rendered":"<p>Kon\u0161truk\u010dn\u00fd n\u00e1vrh a v\u00fdroba \u0161peci\u00e1lnych zariaden\u00ed ur\u010den\u00fdch pre automatiz\u00e1ciu v\u00fdrobn\u00e9ho procesu N\u00e1vrh \u0161pecializovan\u00e9ho pr\u00edpravku alebo zariadenia pre potreby automatiz\u00e1cie konkr\u00e9tneho v\u00fdrobn\u00e9ho procesu. Optimaliz\u00e1cia n\u00e1vrhu pomocou numerickej simul\u00e1cie kinematick\u00fdch a dynamick\u00fdch pomerov a pevnostn\u00fdch charakterist\u00edk jednotliv\u00fdch komponentov kon\u0161truk\u010dn\u00e9ho n\u00e1vrhu. Prisp\u00f4sobenie navrhovan\u00e9ho \u0161pecializovan\u00e9ho zariadenia dan\u00fdm technick\u00fdm podmienkam vo v\u00fdrobe. Kon\u0161truk\u010dn\u00fd n\u00e1vrh a v\u00fdroba uzavret\u00fdch r\u00e1mov\u00fdch a nosn\u00fdch &#8230; <a title=\"V\u0161eobecn\u00e9 stroj\u00e1rstvo\" class=\"read-more\" href=\"https:\/\/test.kvant.sk\/ditax\/vseobecne-strojarstvo-2\/\" aria-label=\"Pre\u010d\u00edtajte si viac o V\u0161eobecn\u00e9 stroj\u00e1rstvo\">\u010c\u00edta\u0165 viac<\/a><\/p>\n","protected":false},"author":1,"featured_media":0,"parent":0,"menu_order":0,"comment_status":"closed","ping_status":"closed","template":"","meta":{"footnotes":""},"class_list":["post-133","page","type-page","status-publish"],"_links":{"self":[{"href":"https:\/\/test.kvant.sk\/ditax\/wp-json\/wp\/v2\/pages\/133","targetHints":{"allow":["GET"]}}],"collection":[{"href":"https:\/\/test.kvant.sk\/ditax\/wp-json\/wp\/v2\/pages"}],"about":[{"href":"https:\/\/test.kvant.sk\/ditax\/wp-json\/wp\/v2\/types\/page"}],"author":[{"embeddable":true,"href":"https:\/\/test.kvant.sk\/ditax\/wp-json\/wp\/v2\/users\/1"}],"replies":[{"embeddable":true,"href":"https:\/\/test.kvant.sk\/ditax\/wp-json\/wp\/v2\/comments?post=133"}],"version-history":[{"count":5,"href":"https:\/\/test.kvant.sk\/ditax\/wp-json\/wp\/v2\/pages\/133\/revisions"}],"predecessor-version":[{"id":392,"href":"https:\/\/test.kvant.sk\/ditax\/wp-json\/wp\/v2\/pages\/133\/revisions\/392"}],"wp:attachment":[{"href":"https:\/\/test.kvant.sk\/ditax\/wp-json\/wp\/v2\/media?parent=133"}],"curies":[{"name":"wp","href":"https:\/\/api.w.org\/{rel}","templated":true}]}}